6)/15. Calculate the highest common factor of 55 and n.
5
Suppose -5*p + 33 = -62. Calculate the greatest common divisor of p and 19.
19
Let u = -4 - -22. Suppose -3*b - 2*z + 447 = -7*z, 2*b = -4*z + 276. Calculate the highest common factor of b and u.
18
Let d(h) = -h**3 - 3*h**2 - 5*h + 2. Let g be d(-2). Let o be 3/5 - (-4)/10. Calculate the greatest common factor of g and o.
1
Suppose 0 = -m - 4*m + 30. Let k be ((-2)/(-3))/(2/m). Suppose 0 = 3*g - k*g - 10. Calculate the greatest common factor of 70 and g.
10
Suppose -3*m + 15 = -0*m. Suppose -m*t - 3 = -2*i, -2 = 5*t - i - 2*i. Let g be (0 - 1)*t*12. Calculate the greatest common divisor of 24 and g.
12
Let y = -15 - -17. Let o = 6 + y. Suppose 0*t = -t + 16. What is the highest common factor of o and t?
8
Suppose 3*a - 88 - 14 = 0. Let p = a + -23. What is the highest common divisor of p and 44?
11
Suppose 7*w = 11*w - 36. Let o(g) = -5 + 0*g**2 - g**2 - 3*g + 2*g**2. Let z be o(w). What is the greatest common factor of 7 and z?
7
Suppose -v = -3, -x - 2*v + 24 = -48. What is the greatest common divisor of x and 6?
6
Let o = -48 + 54. Calculate the greatest common factor of o and 3.
3
Let b(h) = h**2 + 2*h + 1. Let a be b(-3). Let g(y) = -2*y + 68. Let d be g(24). What is the highest common divisor of a and d?
4
Let x(j) = j**2 - 4. Let n be x(-3). Suppose 4*t - 7 = n*z + 29, -5*t = 2*z - 45. Let y be (297/(-6))/((-4)/8). Calculate the greatest common factor of y and t.
9
Suppose k - 4*k = -258. Suppose l = k - 14. What is the highest common factor of l and 9?
9
Let g = 50 - 42. What is the greatest common divisor of g and 12?
4
Suppose 2*a = -3*a + 60. Suppose d + 2 = a. What is the highest common divisor of d and 25?
5
Suppose -3*f = -4*s + 6*s - 78, 0 = -4*s - 12. What is the greatest common divisor of 140 and f?
28
Let j(o) be the third derivative of -o**5/60 + 7*o**4/12 - o**3/6 + 5*o**2. Let d be j(13). What is the highest common factor of 36 and d?
12
Let c be (-18)/(-8) + 9/12. Suppose o + c*o = 32. Calculate the greatest common factor of o and 72.
8
Suppose 3*o = -s + 2*o + 250, o = -3*s + 748. Suppose -d - 5*v + 125 = 0, -107 = -d - 4*v + 22. Let r = s - d. What is the highest common factor of r and 13?
13
Suppose -3*c = 4*j - 8*c + 55, -4*c = -4*j - 52. Let u be 8/j*(6 - 46). Suppose -g + 29 = 5*l, -6 = 5*l - 31. Calculate the greatest common divisor of g and u.
4
Let s = 22 - 37. Let q = s + 22. Calculate the highest common divisor of q and 21.
7
Suppose 2*l + l = -5*m + 20, -2*l + 2*m = -8. Suppose 0 = l*f - 21 + 6. Calculate the highest common divisor of 1 and f.
1
Let h(z) = z**2 + 10*z + 12. Let r be h(-12). Calculate the greatest common factor of 4 and r.
4
Suppose 13*d - 88 = 2*d. Calculate the highest common factor of d and 40.
8
Let r(z) = z**2 + 16. Let a be r(0). Suppose -48 = q + 2*s + 14, -2*q = s + 118. Let t = q - -138. Calculate the highest common factor of a and t.
16
Let v(b) = -b**3 - b**2 + 3*b + 2. Suppose -4 = z + z. Let f be v(z). Suppose f = 2*s, -2*n = -5*s - 0*s - 26. What is the greatest common divisor of n and 78?
13
Let k be (-32)/48 + 38/3. What is the highest common factor of 156 and k?
12
Let b(m) = -m**2 + 16*m + 4. Let t be b(16). Calculate the greatest common divisor of 10 and t.
2
Let h(l) = -l**3 + 8*l**2 - 7*l + 2. Let a be h(7). Suppose -32 + a = -3*c. Let g(r) = 8*r + 2. Let t be g(1). What is the greatest common factor of t and c?
10
Let h(g) = -7*g**3 + g**2 - 4*g - 4. Let w be h(-2). Suppose -5*k + 60 - 20 = 0. What is the greatest common divisor of k and w?
8
Suppose -7*w + 0*w = -98. Let l = -5 + 9. Let g(y) = y**3 - y**2 - 5*y. Let p be g(l). Calculate the greatest common factor of w and p.
14
Let c be 9/(-6) - 90/(-4). What is the greatest common divisor of c and 21?
21
Suppose 2*i = -2*o + 22, -3 = -3*i - o + 20. Suppose 43 = 3*d - 2*b, -3*d + 2*b = 3*b - 55. Let u = 35 - d. Calculate the highest common divisor of i and u.
6
Let o(w) = -w**3 + 3*w**2 + 4*w + 2. Let m be o(4). Suppose m*d - j - 16 = j, 4*d = -2*j + 32. What is the greatest common divisor of 64 and d?
8
Suppose 2*s + 5 = 13. Suppose -s*u - 3*y = -263, -2*u - y - y + 132 = 0. What is the greatest common divisor of 26 and u?
13
Let k(t) be the first derivative of 3*t**2/2 - t - 1. Let s be k(3). Suppose s*g - 3*g - 175 = 0. Calculate the highest common factor of g and 14.
7
Suppose -2*k + 1 + 5 = 0. Suppose -4*l = -k*m + 29, m - 26 = -m + l. Calculate the highest common factor of m and 5.
5
Suppose 0 = -5*f + 802 + 368. Suppose -f = -2*p - 18. Let j = -34 - -46. What is the highest common divisor of j and p?
12
Let q be (-40)/28 + (-6)/(-14) + 13. What is the greatest common factor of q and 120?
12
Let o(c) be the second derivative of 7*c**3/3 + 5*c. Let d be o(1). Let q(h) = 111*h + 1. Let l be q(1). What is the highest common factor of l and d?
14
Suppose 3*c + 3*v - 63 = 0, -v - 4 = 3*v. What is the greatest common factor of 33 and c?
11
Let f = -7 + 11. Suppose -12 + f = -4*a. Let z be (-1)/((a/7)/(-2)). What is the highest common divisor of 77 and z?
7
Let p = 17 + 1. Let w be p/4*(10 - 6). Suppose -23 = -4*o - 5*m + 26, -m = -5. What is the highest common divisor of w and o?
6
Let j be 6*3/6 + 6. Let i be -18*((-5)/2 + -1). Calculate the highest common factor of i and j.
9
Let u be 39/9 - 3/9. Suppose -362 = -u*l - 2*k, 5*l - 5*k = -0*k + 415. What is the highest common factor of 8 and l?
8
Let b = 160 + -133. Calculate the highest common divisor of 45 and b.
9
Let v be ((-18)/(-10))/((-12)/(-40)). Suppose -3*t = -5*s - 0*s - 121, 4*t - 5*s = 163. What is the greatest common divisor of t and v?
6
Let a be 33/4 + (-1)/4. Let f be 6/a - (-102)/24. Suppose t - 2*x + 3*x = -1, -f*t = -x - 7. What is the greatest common divisor of t and 3?
1
Suppose -13*s + 1575 = 12*s. Let a be 2/((-2)/9)*-1. Calculate the greatest common divisor of s and a.
9
Let p(v) = -23*v - 1. Let z be p(-2). Calculate the highest common factor of z and 15.
15
Let z = 15 + -10. Suppose -4*u + w = -16, z*u + 4*w - 3 = w. Calculate the highest common factor of 3 and u.
3
Let n be 0 - (1 + 36) - -2. Let y = -25 - n. Let k(p) = -41*p - 2. Let u be k(-2). Calculate the highest common divisor of y and u.
10
Suppose -2*r - 2*r + 96 = 0. Let j(k) = 9*k**2 - k - 2. Let l be j(-1). Calculate the highest common factor of r and l.
8
Suppose -36*i = -32*i - 124. What is the highest common divisor of 124 and i?
31
Let r = -35 + 61. What is the highest common divisor of 286 and r?
26
Let m be 18*(10/12 - 2/(-4)). Calculate the greatest common divisor of m and 60.
12
Suppose 9 = s - r - 0*r, -2*s + 23 = 3*r. Let y be 3*3/18*0. Suppose y*a - 4 = -4*a. What is the greatest common factor of s and a?
1
Suppose -56*l + 975 = -51*l. What is the greatest common divisor of l and 15?
15
Suppose -3*b - 2*b + 10 = 0. Let x be b + (-3)/1 - 14. Let p = 39 - x. What is the highest common factor of 6 and p?
6
Suppose 0 = 4*i - 4*a + 3*a - 101, 4*i + a = 99. Let o be (i - 2) + 2/2. What is the highest common divisor of 6 and o?
6
Let l(o) = o + 20. Let t be (3 - 2) + 3 + -4. Let s be l(t). What is the greatest common factor of s and 180?
20
Let t = -32 - -49. Suppose 6*d - 25 = d - g, 2*d - t = g. Calculate the highest common divisor of 30 and d.
6
Let w = -791 - -1110. Suppose 3*o - 75 = 4*d, 4*o - 2*o - d = 55. What is the highest common factor of o and w?
29
Suppose 0 = 2*h, -4*c + 4*h = -139 + 39. What is the highest common factor of c and 5?
5
Suppose -91 = -2*x + 239. Calculate the highest common divisor of 15 and x.
15
Let h(b) = -b**3 - 5*b**2 - b + 4. Let f = -9 - -4. Let d be h(f). Suppose 67 = 3*x - 14. Calculate the highest common factor of x and d.
9
Let w(q) = q**2 + 8*q + 22. Let v be w(-19). Calculate the highest common factor of v and 21.
21
Suppose 15 - 99 = -4*q. Calculate the greatest common divisor of q and 42.
21
Let u be (88/(-12))/((-2)/3). Suppose u*h - 800 = 7*h. What is the highest common divisor of h and 25?
25
Suppose -572 = -20*u + 7*u. Suppose 2*a + 2 = -0. Let k be a/3 + (-13)/(-3). Calculate the highest common divisor of k and u.
4
Let p(j) = -2*j + 10. Let v be p(-9). Suppose n - 2*n + 7 = 5*d, -4*n - 2*d + 28 = 0. Calculate the greatest common divisor of v and n.
7
Suppose 62*c = 57*